Evaluate (-1 - 29) + (-27 - (-26 - -17) - -25).
-23
(-2 - 18) + -17 + 22 + 4
-11
Calculate (15 - 14 - -14 - 4) + 13.
24
Calculate -8 - (-111 - -128 - (2 - (-2 - 1))).
-20
What is 11 - 0 - (14 + -6 - 2) - 2?
3
Calculate 2 + -8 - (-8 - -7 - 4).
-1
29 - 41 - -11 - -14
13
1 - (8 + 2 + -6)
-3
What is -1 + -4 + 1 + 0 + -311 + 317?
2
What is (0 - -4) + -9 + -15 + 22?
2
Calculate 10 + (-25 - -8) + 19.
12
Evaluate -15 - ((20 - 9) + -37).
11
Evaluate (21 - (17 - -17)) + 15.
2
Calculate -12 - (2 - (13 - 4)) - -3.
-2
Calculate -6 + 2 + (-3 - (-2 + (3 - 1))).
-7
17 - (-1 + (12 - (3 - -1)))
10
What is 0 + -2 + -1 + 1 + 67 + -74?
-9
Evaluate 6 + (-16 - (7 - 21 - -7)) + 3.
0
Calculate 1 + -8 - (-11 + 34 - -2 - 14).
-18
What is (-23 + 6 + (10 - 9) - -7) + -6?
-15
Calculate -1 + (-2 - 3 - -12).
6
Evaluate 8 - (-1 - (19 + 13 + -20)).
21
Calculate -1 + -4 + -69 + 75 + (-9 - 1).
-9
What is -4 + 2 + 2 + -3 + -2 + -3?
-8
What is (5 + 7 + -2 - 4) + -10?
-4
Evaluate 9 - (8 + -29 + 14) - -2.
18
Calculate 5 + -5 + (-7 - (-8 + -2)).
3
What is 1 - (3 - (11 + -5)) - 15?
-11
Evaluate (-16 - 8 - -24) + 9 + 6.
15
Calculate 11 - -1 - (-75 + 79).
8
What is (-17 - -4) + (20 - 6) + 17?
18
What is 1 + -19 - (-4 + -8)?
-6
Calculate 0 - (12 - -7) - -8.
-11
What is -4 + (9 - 3) + 8 - -5?
15
Calculate -94 + 124 + -26 + -2.
2
What is the value of (-24 - (-37 - 1)) + 6 - (-1 + 0)?
21
2 + (3 - (0 - -6) - (-3 + 4))
-2
What is the value of (31 - 24) + 10 + 2?
19
Calculate 177 - 175 - (3 - 1).
0
What is (2 - -14) + -18 + -36 + 46?
8
What is the value of -10 - 2 - (33 + 7 + -38)?
-14
What is the value of -22 + -30 + 16 + 44?
8
What is the value of 0 - ((-24 - 0) + -199 + 202)?
21
Calculate (-14 - (5 - 16 - 6)) + -14 + 3.
-8
Calculate -5 + 2 + (-5 - -3) + 3 + -12.
-14
Calculate -30 - (-6 - 15) - 11.
-20
What is the value of (5 - -2) + 3 + -4 + -4 + 6?
8
What is the value of 35 + -52 - (0 + (0 - -7))?
-24
Evaluate 3 - 3 - (-24 + 15).
9
Evaluate -5 + (3 - 9 - -2 - -3) + 1.
-5
1 + -3 + 10 + (29 - 41)
-4
Evaluate -17 + (-12 - 11) + 11.
-29
What is the value of 12 + 71 + -85 - (-19 + (2 - 4))?
19
Evaluate 1 + (-9 + 4 - 0) - (5 - 12).
3
37 + -37 + -15 + -1
-16
21 - (-5 + -4 + 15)
15
What is the value of 0 + -5 + 46 + (11 - 20) - 9?
23
What is the value of -2 - (-10 + 3) - (21 + -18)?
2
Calculate -24 + 5 - ((-42 - -29) + (1 - -6)).
-13
What is -3 + 2 + -3 - (36 - 43)?
3
What is 13 + 2 + -7 - (4 - -4)?
0
Calculate 7 - (-4 + 3 - -13) - 15.
-20
Calculate (-57 - -51) + (20 - (-3 + -1)).
18
Calculate (6 - 0) + (109 - 95).
20
Evaluate -26 - -6 - (54 + -75).
1
What is the value of -3 + 15 + 2 - 14?
0
Calculate 5 - (19 - 10) - -11.
7
1 + (-4 - 7) - 1 - (-3 - -1)
-9
Calculate (14 - (-2 - (6 - 11)) - 3) + 2.
10
-2 + ((17 - 6) + -6 - 6) + -14
-17
Evaluate -5 + (-8 - -4) + 9.
0
What is (-13 + 18 - -11) + -10?
6
Calculate 6 - (-10 - (-16 - 11)).
-11
What is the value of (-3 - 1) + 7 - 11 - (12 - 14)?
-6
Calculate 13 - (5 - (-7 - -24) - -7).
18
(-22 - (-4 - 36)) + -12
6
(-26 - -11) + 30 - 14
1
Evaluate -2 + -22 + 5 + 20.
1
Evaluate (23 - 11 - 34) + 44.
22
Evaluate 3 - 4 - (-1 - (-6 + (-6 - -10))).
-2
What is the value of (9 - (20 - 3)) + 0 + -6 - -4?
-10
Calculate -5 + 0 + (15 - 14) + 3 + 2.
1
-23 + (-2 - -25) - (2 + 12)
-14
What is the value of 3 - (7 + 8 - 5) - -10?
3
What is the value of (-9 - -16) + 11 - (-7 + 6)?
19
What is the value of 3 + 3 + -5 - (-17 + 26 - 10)?
2
What is the value of (1 - -23) + 395 + -418?
1
What is (-6 - (0 - 4)) + (25 - 28)?
-5
Evaluate -10 - (-6 + 8 + -24 + 7).
5
Evaluate (-12 - -1) + 14 + -13.
-10
What is -7 - (9 + -9 + 7)?
-14
Evaluate -11 + (-4 - (0 + -8) - 6 - 3).
-16
Calculate 13 + 15 + (3 - 17) + 1.
15
-1 - (-1 - -5 - -1 - -2 - 1)
-7
Evaluate -5 + -4 - (7 - 23).
7
-1 + 2 - -3 - (29 + (-36 - -7))
4
Calculate 13 + -3 + 3 + -26.
-13
(-2 - -2) + (-11 - 8) + 28
9
What is -1022 + 1051 + -42 + 0?
-13
Evaluate -6 + 27 + 15 + 1 + -2.
35
1 - -8 - ((0 - 4) + -9 + 11)
11
(5 - -6 - 9) + -2 + 0
0
-1 - (-3 + -1) - (21 + -39 + 23)
-2
-4 + (-17 + 9 - -25)
13
-1 + 3 + (-13 - -7 - 1)
-5
Calculate (-1 + -1 - -2) + -4 + (28 - 22).
2
What is (4 - 18) + 12 + (0 + -3 - 6)?
-11
What is 5 - (-19 + 17 + (-1 - -8))?
0
What is the value of -5 - ((-25 - -11 - 1) + 4)?
6
What is 6 - (11 + -11 - 3) - 0?
9
What is -26 + 41 + -1 + -10?
4
What is 14 + (21 + -34 - -4)?
5
6 - (2 - 1) - (-3 + 0)
8
(11 - -2) + (-8 - (-12 + 29))
-12
What is the value of 15 + (-25 - -22) + 0 + 5 + -4?
13
Evaluate 20 - (-26 + 86 - 30).
-10
Evaluate (1 + 4 - 12) + -1 + -1 - 8.
-17
What is 2 + (4 + 5 - 3) + -15?
-7
Calculate -11 - ((-9 - (3 + -1 - 0)) + 7).
-7
3 + -2 + -132 + 120 - -21
10
What is the value of -3 + -5 + 8 + (0 + 8 - 1)?
7
-23 + (37 - (-19 + 24))
9
What is the value of (1 - 3) + (-21 - (-35 + 5)) + -9?
-2
What is 4 + -23 + (11 - (14 - 7))?
-15
Evaluate 8 + -23 - (-11 + -18).
14
Calculate -3 - 1 - (1 + 5 + -1 - 9).
0
Evaluate 26 + -24 + 9 + -11.
0
Evaluate -1582 + 1541 - (-49 - 1).
9
What is the value of 35 + (-8 - ((12 - -1) + -6))?
20
Calculate -30 - ((-3 - 3) + 6 + -1) - -6.
-23
(-1 + 3 - (-2 + 0)) + (38 - 41)
1
1 + 15 + -30 + 21 - -1 - -17
25
-1372 + 1406 - (0 + 5)
29
Calculate -45 - 0 - (-518 + 488).
-15
What is (18 - 26) + (15 - 1) + -2?
4
What is (5 - -3) + (-4 - 0) + -29?
-25
Evaluate (524 - 539) + 2 + 4 + 2.
-7
What is (-11 - -20) + 8 - 29?
-12
(6 - 14 - -2) + 2 - 4
-8
Evaluate -9 + 7 + 3 + 1 + (-276 - -297).
23
Evaluate (1 - (-4 + -13)) + -30.
-12
22 - 7 - (-3 - 3 - -11)
10
What is -3 - (31 + -114 - -41)?
39
What is -5 + -14 + -15 + 33?
-1
What is -20 + (-1 - -6 - -11)?
-4
Evaluate 4 + 2 + 0 + -6 + 18.
18
Calculate -8 - (-7 - (-5 - -4)).
-2
What is 9 + (19 + (-5 - 11) - -11)?
23
What is the value of (130 - 107) + (-13 - -3) - 44?
-31
What is (-68 - -64) + -2 + 1?
-5
9 + (0 - 3) - (16 - (-9 + 21))
2
What is the value of (5 - -2) + (143 - 145)?
5
Calculate -2 + 29 + 0 + -20 + (-2 - -19).
24
Calculate 17 + (2 - (-3 - -13)) + 4.
13
Evaluate 35 + -39 + 5 + 18.
19
55 - (-31 + 14 + 45)
27
Calculate (-15 - -21 - 7) + -17 + 0.
-18
Evaluate (-1 - 0) + (-5 - 4) + 299 + -297.
-8
What is the value of 3 + -2 - -1 - 27 - -14?
-11
29 + -50 + 33 - (0 + 7)
5
What is -11 + -10 + 9 + (3 - -8)?
-1
What is the value of 8 + -4 + 21 - (80 - 85)?
30
Evaluate 14 + -23 + -1 - (-1 + -25).
16
What is -2 + 2 + -18 + 46 + 20 + -72?
-24
What is the value of 15 - ((-6 - -4) + -13 - -9)?
21
Evaluate -15 + (8 - -8 - 19).
-18
What is -24 + 8 + -1 + 9?
-8
Calculate 24 + -46 + (42 - 4).
16
Evaluate -2 + (12 - (10 + 0 + 2 + -6)).
4
-24 - -21 - 6 - (-4 - -1)
-6
-3 - (5 + -2 - 3) - -11
8
Evaluate -2 + -11 - -6 - (7 - (-6 - -12)).
-8
What is the value of -24 + 1 + (0 + (-7 - -8) - -5)?
-17
Evaluate 40 + (-46 - (-27 - 11)).
32
What is the value of 4 - -1 - (-49 - -52)?
2
What is (3 + 34 - 21) + (-1 - 8)?
7
Evaluate -2 - -8 - (-67 - -61).
12
Calculate (5 + 2 - 26) + 14.
-5
What is the value of -31 - (-16 + -4 + 10 + 0 + 9)?
-30
Evaluate -6 + (13 + -24 - -28) - (-3 - 0).
14
What is -40 - (-32 + 8 - 10)?
-6
Calculate 0 + -1 + -4 + (9 - 4) + -2.
-2
-37 + (32 - (3 - -7))
-15
Calculate -13 - (7 + -4 + -5 - -7).
-18
Calculate 14 + (-7 - (-21 - -9 - -4) - -9).
24
Evaluate -5 - (3 + (12 - 16) - -11).
-15
Evaluate 9 + (2 - 10) - (12 - -5).
-16
Calculate (2 - -1 - 4) + (3 - -11).
13
Calculate 5 - 9 - -17 - (61 + -60).
12
(13 - (5 + 19)) + 0 + (1 - -2)
-8
Evaluate 8 + -2 + (-6 - (-16 + (3 - -4))).
9
What is (17 - 15) + 13 + -7?
8
(5 - 1) + -4 + (6 - 0)
6
What is the value of 1 + 12 + (-98 - -96) + -13?
-2
Calculate 1 + -14 + 21 + -10 - (-1 + -7).
6
Calculate -56 + 61 - (-2 + 16).
-9
What is the value of -1 + 1 + 11 + 2 + 10?
23
What is (-3 - -4) + -4 - (-19 + 0 + 0)?
16
Calculate (-1 - -5) + (1104 - 1085).
23
Evaluate 17 + (-73 - 0 - (26 + -45)).
-37
What is 2 - (0 + 12) - (-7 - (-24 + 18))?
-9
What is the value of -9 + 19 + 4 + -9 + -20?
-15
-2 + -4 - (-1 - 4 - 3) - -10
12
Calculate (9 - 1) + -1 + (0 + -1 - -9).
15
What is 14 + (-25 - (14 + -25 + 2))?
-2
(24 - 2) + (-28 - -23) + 7
24
Evaluate (6 - 2) + (-7 - 4 - -3).
-4
Evaluate -34 + 10 + 38 - 5.
9
Evaluate 11 + (-3 - -6) + 0 + -31 + -1.
-18
Calculate 14 + -19 + (-25 - -40).
10
Calculate 19 - (27 + 1) - (-8 + 1).
-2
Evaluate -2 + 3 - 8 - (-14 - (0 - 7)).
0
Calculate 36 + -30 + (1 - 24) + 5.
-12
Calculate 3 + (